0340 is divided by 5428.
5224
Calculate the remainder when 4993116 is divided by 713293.
65
What is the remainder when 2311316 is divided by 31234?
0
Calculate the remainder when 338013 is divided by 14627.
1592
What is the remainder when 96013 is divided by 93383?
2630
What is the remainder when 11750919 is divided by 877?
873
Calculate the remainder when 2037551109 is divided by 162.
159
What is the remainder when 174945 is divided by 87387?
171
What is the remainder when 271690786 is divided by 54338154?
16
Calculate the remainder when 3801817 is divided by 150.
67
What is the remainder when 1039202 is divided by 3559?
3533
Calculate the remainder when 1100614 is divided by 5187.
970
Calculate the remainder when 370231 is divided by 56.
15
What is the remainder when 6680017 is divided by 573?
556
What is the remainder when 136527 is divided by 22754?
3
What is the remainder when 19381741 is divided by 449?
207
Calculate the remainder when 39475739 is divided by 1628.
1623
Calculate the remainder when 6435771 is divided by 2141.
2066
What is the remainder when 2299785 is divided by 2072?
1937
What is the remainder when 1629064 is divided by 1676?
1668
What is the remainder when 299970 is divided by 251?
25
Calculate the remainder when 1276861 is divided by 7.
5
Calculate the remainder when 6048910 is divided by 167.
3
What is the remainder when 279646327 is divided by 2392?
2391
Calculate the remainder when 1254411 is divided by 33.
15
Calculate the remainder when 1729530 is divided by 37.
2
What is the remainder when 279237 is divided by 725?
112
Calculate the remainder when 1756436 is divided by 4290.
1826
What is the remainder when 25724800 is divided by 385?
255
What is the remainder when 28954044 is divided by 389?
385
Calculate the remainder when 342463 is divided by 10059.
457
Calculate the remainder when 14386251 is divided by 68181.
60
What is the remainder when 467736 is divided by 475?
336
Calculate the remainder when 3182991 is divided by 1060990.
21
Calculate the remainder when 1148853 is divided by 1053.
30
Calculate the remainder when 329866826 is divided by 874.
872
Calculate the remainder when 121096038 is divided by 60547994.
50
What is the remainder when 73014317 is divided by 123127?
6
Calculate the remainder when 426787 is divided by 12.
7
What is the remainder when 613643 is divided by 87629?
240
What is the remainder when 18326996 is divided by 535?
36
What is the remainder when 310683 is divided by 17252?
147
Calculate the remainder when 96007 is divided by 583.
395
What is the remainder when 54177 is divided by 3413?
2982
Calculate the remainder when 51180 is divided by 12644.
604
What is the remainder when 12671938 is divided by 1851?
1843
Calculate the remainder when 3093261 is divided by 1546445.
371
What is the remainder when 12056 is divided by 960?
536
What is the remainder when 737138 is divided by 545?
298
Calculate the remainder when 2317699 is divided by 96.
67
What is the remainder when 605120747 is divided by 5497?
5490
What is the remainder when 2389526 is divided by 125762?
48
Calculate the remainder when 2538781 is divided by 3.
1
What is the remainder when 25208965 is divided by 70?
5
Calculate the remainder when 5360623 is divided by 2983.
172
What is the remainder when 169136 is divided by 78?
32
What is the remainder when 41721 is divided by 3472?
57
What is the remainder when 950833 is divided by 4523?
1003
Calculate the remainder when 1525620 is divided by 508475.
195
What is the remainder when 354424353 is divided by 118141451?
0
What is the remainder when 17424695 is divided by 2904101?
89
Calculate the remainder when 651796 is divided by 11459.
10092
What is the remainder when 325030 is divided by 6248?
134
What is the remainder when 75296393 is divided by 6913?
6910
What is the remainder when 1002945 is divided by 1007?
980
Calculate the remainder when 456237 is divided by 91226.
107
Calculate the remainder when 2096462 is divided by 4119.
4010
Calculate the remainder when 798516 is divided by 1192.
1068
Calculate the remainder when 639861 is divided by 20638.
83
What is the remainder when 537859 is divided by 64?
3
What is the remainder when 2712674 is divided by 1893?
5
What is the remainder when 36532 is divided by 8687?
1784
What is the remainder when 16259708 is divided by 28?
24
Calculate the remainder when 18346720 is divided by 163810.
0
Calculate the remainder when 937625 is divided by 312537.
14
Calculate the remainder when 1169448 is divided by 5490.
78
Calculate the remainder when 180485 is divided by 180475.
10
What is the remainder when 35805141 is divided by 12?
9
Calculate the remainder when 90126 is divided by 4739.
85
What is the remainder when 65808164 is divided by 12232?
4
What is the remainder when 4857561 is divided by 88319?
16
Calculate the remainder when 191670 is divided by 1261.
1259
What is the remainder when 331385 is divided by 55218?
77
Calculate the remainder when 2300693 is divided by 1810.
183
Calculate the remainder when 13673965 is divided by 20.
5
What is the remainder when 555277 is divided by 138813?
25
What is the remainder when 461558 is divided by 401?
7
Calculate the remainder when 1154621 is divided by 3582.
1217
Calculate the remainder when 9488982 is divided by 1488.
6
Calculate the remainder when 9304482 is divided by 3115.
3092
Calculate the remainder when 28078 is divided by 6327.
2770
Calculate the remainder when 27357870 is divided by 24.
6
Calculate the remainder when 11062935 is divided by 17.
15
Calculate the remainder when 2366255 is divided by 218.
83
What is the remainder when 135591 is divided by 16?
7
What is the remainder when 925447159 is divided by 409?
405
What is the remainder when 51757553 is divided by 45?
38
Calculate the remainder when 306527 is divided by 3119.
865
What is the remainder when 69761 is divided by 479?
306
What is the remainder when 292140 is divided by 13279?
2
What is the remainder when 88358 is divided by 3030?
488
What is the remainder when 25788 is divided by 367?
98
What is the remainder when 364295230 is divided by 24?
22
Calculate the remainder when 1864294 is divided by 411.
409
What is the remainder when 490037 is divided by 12887?
331
Calculate the remainder when 1848217 is divided by 6553.
271
What is the remainder when 47167449 is divided by 333?
330
Calculate the remainder when 4627927 is divided by 7739.
5
Calculate the remainder when 256645 is divided by 2791.
2664
Calculate the remainder when 92160142 is divided by 51.
31
Calculate the remainder when 4146 is divided by 4112.
34
Calculate the remainder when 240596557 is divided by 1883.
1881
Calculate the remainder when 339493 is divided by 42431.
45
What is the remainder when 26802745 is divided by 397?
84
Calculate the remainder when 3046158 is divided by 160322.
40
Calculate the remainder when 204453 is divided by 101131.
2191
Calculate the remainder when 21986234 is divided by 3524.
3522
Calculate the remainder when 2872713 is divided by 9237.
6
What is the remainder when 348397 is divided by 8295?
7
Calculate the remainder when 27843007 is divided by 13921503.
1
What is the remainder when 168964 is divided by 4221?
124
What is the remainder when 4355893 is divided by 926?
915
What is the remainder when 3313273 is divided by 175?
173
Calculate the remainder when 15615 is divided by 7779.
57
Calculate the remainder when 88646 is divided by 10853.
1822
What is the remainder when 1266947 is divided by 2291?
24
Calculate the remainder when 533546426 is divided by 68.
66
What is the remainder when 3075559 is divided by 768889?
3
What is the remainder when 161029784 is divided by 431?
426
What is the remainder when 3001808 is divided by 1861?
15
Calculate the remainder when 425242811 is divided by 438.
437
What is the remainder when 176459 is divided by 88218?
23
Calculate the remainder when 16590 is divided by 988.
782
What is the remainder when 368695 is divided by 61434?
91
Calculate the remainder when 11903443 is divided by 3648.
19
Calculate the remainder when 321287 is divided by 3315.
3047
Calculate the remainder when 59446154 is divided by 1799.
1797
Calculate the remainder when 12800476 is divided by 85.
71
Calculate the remainder w